{"id":579,"date":"2013-09-08T12:17:06","date_gmt":"2013-09-08T15:17:06","guid":{"rendered":"http:\/\/www.golosinaspormayor.com\/ventaonline\/?post_type=product&#038;p=579"},"modified":"2019-05-12T08:42:48","modified_gmt":"2019-05-12T11:42:48","slug":"mostaza-heinz-mild-pourable-vidrio","status":"publish","type":"product","link":"https:\/\/www.golosinaspormayor.com\/ventaonline\/tienda\/condimentos\/mostaza-heinz-mild-pourable-vidrio\/","title":{"rendered":"MOSTAZA HEINZ MILD POURABLE VIDRIO"},"content":{"rendered":"<p>Seguramente ya conozcas otros productos de Heinz, pero este es el producto que te queremos presentar para darte algunos detalles de \u00e9l: la mostaza Heinz Mild Pourable de vidrio, es una de las m\u00e1s exquisitas de todos los productos Heinz. Es importante que cuando necesites comprar mostaza Heinz Mild Porable, sepas que est\u00e1 elaborada con productos de primera calidad y lo que les da ese sabor picante es lo que sin duda la hace una de las mejores mostazas del mercado internacional.<\/p>\n<p>Los productos Heinz son fabulosos, y muy famosos en el mundo entero, as\u00ed que cuando se destapa una botella de esta mostaza, se est\u00e1 destapando calidad y buen producto. Es la mostaza Heinz Mild Pourable de vidrio, una salsa de consistencia liviana tipo inglesa, que por cierto es m\u00e1s suave que las mostazas francesas, y la caracter\u00edstica m\u00e1s bien l\u00edquida, la hace perfecta para las comidas r\u00e1pidas elaboradas en casa, o para comida r\u00e1pida como las papas fritas, o las hamburguesas.<\/p>\n<p>En este momento la tenemos al mejor precio del mercado mayorista y en todas sus variedades de tama\u00f1os de frascos y de estilo de presentaci\u00f3n; puedes hacernos tu pedido online a trav\u00e9s de nuestro e-commerce y lo enviaremos dentro de las pr\u00f3ximas 48 horas.<\/p>\n","protected":false},"excerpt":{"rendered":"<p><strong>MOSTAZA HEINZ MILD POURABLE VIDRIO x 227gr B\/12<\/strong><\/p>\n","protected":false},"featured_media":580,"comment_status":"closed","ping_status":"closed","template":"","meta":{"site-sidebar-layout":"default","site-content-layout":"","ast-site-content-layout":"default","site-content-style":"default","site-sidebar-style":"default","ast-global-header-display":"","ast-banner-title-visibility":"","ast-main-header-display":"","ast-hfb-above-header-display":"","ast-hfb-below-header-display":"","ast-hfb-mobile-header-display":"","site-post-title":"","ast-breadcrumbs-content":"","ast-featured-img":"","footer-sml-layout":"","ast-disable-related-posts":"","theme-transparent-header-meta":"","adv-header-id-meta":"","stick-header-meta":"","header-above-stick-meta":"","header-main-stick-meta":"","header-below-stick-meta":"","astra-migrate-meta-layouts":"default","ast-page-background-enabled":"default","ast-page-background-meta":{"desktop":{"background-color":"","background-image":"","background-repeat":"repeat","background-position":"center center","background-size":"auto","background-attachment":"scroll","background-type":"","background-media":"","overlay-type":"","overlay-color":"","overlay-opacity":"","overlay-gradient":""},"tablet":{"background-color":"","background-image":"","background-repeat":"repeat","background-position":"center center","background-size":"auto","background-attachment":"scroll","background-type":"","background-media":"","overlay-type":"","overlay-color":"","overlay-opacity":"","overlay-gradient":""},"mobile":{"background-color":"","background-image":"","background-repeat":"repeat","background-position":"center center","background-size":"auto","background-attachment":"scroll","background-type":"","background-media":"","overlay-type":"","overlay-color":"","overlay-opacity":"","overlay-gradient":""}},"ast-content-background-meta":{"desktop":{"background-color":"var(--ast-global-color-5)","background-image":"","background-repeat":"repeat","background-position":"center center","background-size":"auto","background-attachment":"scroll","background-type":"","background-media":"","overlay-type":"","overlay-color":"","overlay-opacity":"","overlay-gradient":""},"tablet":{"background-color":"var(--ast-global-color-5)","background-image":"","background-repeat":"repeat","background-position":"center center","background-size":"auto","background-attachment":"scroll","background-type":"","background-media":"","overlay-type":"","overlay-color":"","overlay-opacity":"","overlay-gradient":""},"mobile":{"background-color":"var(--ast-global-color-5)","background-image":"","background-repeat":"repeat","background-position":"center center","background-size":"auto","background-attachment":"scroll","background-type":"","background-media":"","overlay-type":"","overlay-color":"","overlay-opacity":"","overlay-gradient":""}},"_joinchat":[]},"product_brand":[],"product_cat":[216],"product_tag":[363,366,342,362,295],"class_list":{"0":"post-579","1":"product","2":"type-product","3":"status-publish","4":"has-post-thumbnail","6":"product_cat-condimentos","7":"product_tag-aderezos","8":"product_tag-heinz-mild-pourable","9":"product_tag-maxikiosco","10":"product_tag-mostaza","11":"product_tag-vidrio","12":"desktop-align-left","13":"tablet-align-left","14":"mobile-align-left","15":"ast-product-gallery-layout-vertical","16":"ast-product-gallery-with-no-image","17":"ast-product-tabs-layout-vertical","19":"first","20":"outofstock","21":"shipping-taxable","22":"purchasable","23":"product-type-simple"},"yoast_head":"<!-- This site is optimized with the Yoast SEO plugin v27.2 - https:\/\/yoast.com\/product\/yoast-seo-wordpress\/ -->\n<title>MOSTAZA HEINZ MILD POURABLE VIDRIO -<\/title>\n<meta name=\"description\" content=\"La mostaza Heinz Mild Pourable de vidrio viene en una botella muy pr\u00e1ctica. Siendo uno de los productos importados l\u00edderes no puede faltar en tu comercio. Haznos tu pedido online.\" \/>\n<meta name=\"robots\" content=\"index, follow, max-snippet:-1, max-image-preview:large, max-video-preview:-1\" \/>\n<link rel=\"canonical\" href=\"https:\/\/www.golosinaspormayor.com\/ventaonline\/tienda\/condimentos\/mostaza-heinz-mild-pourable-vidrio\/\" \/>\n<meta property=\"og:locale\" content=\"es_ES\" \/>\n<meta property=\"og:type\" content=\"article\" \/>\n<meta property=\"og:title\" content=\"MOSTAZA HEINZ MILD POURABLE VIDRIO -\" \/>\n<meta property=\"og:description\" content=\"La mostaza Heinz Mild Pourable de vidrio viene en una botella muy pr\u00e1ctica. Siendo uno de los productos importados l\u00edderes no puede faltar en tu comercio. Haznos tu pedido online.\" \/>\n<meta property=\"og:url\" content=\"https:\/\/www.golosinaspormayor.com\/ventaonline\/tienda\/condimentos\/mostaza-heinz-mild-pourable-vidrio\/\" \/>\n<meta property=\"og:site_name\" content=\"Golosinas por Mayor\" \/>\n<meta property=\"article:modified_time\" content=\"2019-05-12T11:42:48+00:00\" \/>\n<meta property=\"og:image\" content=\"https:\/\/www.golosinaspormayor.com\/ventaonline\/wp-content\/uploads\/mostaza-heinz-mild-pourable-vidrio-catalogo.jpg\" \/>\n\t<meta property=\"og:image:width\" content=\"216\" \/>\n\t<meta property=\"og:image:height\" content=\"600\" \/>\n\t<meta property=\"og:image:type\" content=\"image\/jpeg\" \/>\n<meta name=\"twitter:label1\" content=\"Tiempo de lectura\" \/>\n\t<meta name=\"twitter:data1\" content=\"1 minuto\" \/>\n<script type=\"application\/ld+json\" class=\"yoast-schema-graph\">{\"@context\":\"https:\/\/schema.org\",\"@graph\":[{\"@type\":\"WebPage\",\"@id\":\"https:\/\/www.golosinaspormayor.com\/ventaonline\/tienda\/condimentos\/mostaza-heinz-mild-pourable-vidrio\/\",\"url\":\"https:\/\/www.golosinaspormayor.com\/ventaonline\/tienda\/condimentos\/mostaza-heinz-mild-pourable-vidrio\/\",\"name\":\"MOSTAZA HEINZ MILD POURABLE VIDRIO -\",\"isPartOf\":{\"@id\":\"https:\/\/www.golosinaspormayor.com\/ventaonline\/#website\"},\"primaryImageOfPage\":{\"@id\":\"https:\/\/www.golosinaspormayor.com\/ventaonline\/tienda\/condimentos\/mostaza-heinz-mild-pourable-vidrio\/#primaryimage\"},\"image\":{\"@id\":\"https:\/\/www.golosinaspormayor.com\/ventaonline\/tienda\/condimentos\/mostaza-heinz-mild-pourable-vidrio\/#primaryimage\"},\"thumbnailUrl\":\"https:\/\/www.golosinaspormayor.com\/ventaonline\/wp-content\/uploads\/mostaza-heinz-mild-pourable-vidrio-catalogo.jpg\",\"datePublished\":\"2013-09-08T15:17:06+00:00\",\"dateModified\":\"2019-05-12T11:42:48+00:00\",\"description\":\"La mostaza Heinz Mild Pourable de vidrio viene en una botella muy pr\u00e1ctica. Siendo uno de los productos importados l\u00edderes no puede faltar en tu comercio. Haznos tu pedido online.\",\"breadcrumb\":{\"@id\":\"https:\/\/www.golosinaspormayor.com\/ventaonline\/tienda\/condimentos\/mostaza-heinz-mild-pourable-vidrio\/#breadcrumb\"},\"inLanguage\":\"es\",\"potentialAction\":[{\"@type\":\"ReadAction\",\"target\":[\"https:\/\/www.golosinaspormayor.com\/ventaonline\/tienda\/condimentos\/mostaza-heinz-mild-pourable-vidrio\/\"]}]},{\"@type\":\"ImageObject\",\"inLanguage\":\"es\",\"@id\":\"https:\/\/www.golosinaspormayor.com\/ventaonline\/tienda\/condimentos\/mostaza-heinz-mild-pourable-vidrio\/#primaryimage\",\"url\":\"https:\/\/www.golosinaspormayor.com\/ventaonline\/wp-content\/uploads\/mostaza-heinz-mild-pourable-vidrio-catalogo.jpg\",\"contentUrl\":\"https:\/\/www.golosinaspormayor.com\/ventaonline\/wp-content\/uploads\/mostaza-heinz-mild-pourable-vidrio-catalogo.jpg\",\"width\":216,\"height\":600,\"caption\":\"mostaza-heinz-mild-pourable-vidrio-condimento\"},{\"@type\":\"BreadcrumbList\",\"@id\":\"https:\/\/www.golosinaspormayor.com\/ventaonline\/tienda\/condimentos\/mostaza-heinz-mild-pourable-vidrio\/#breadcrumb\",\"itemListElement\":[{\"@type\":\"ListItem\",\"position\":1,\"name\":\"Tienda\",\"item\":\"https:\/\/www.golosinaspormayor.com\/ventaonline\/tienda\/\"},{\"@type\":\"ListItem\",\"position\":2,\"name\":\"MOSTAZA HEINZ MILD POURABLE VIDRIO\"}]},{\"@type\":\"WebSite\",\"@id\":\"https:\/\/www.golosinaspormayor.com\/ventaonline\/#website\",\"url\":\"https:\/\/www.golosinaspormayor.com\/ventaonline\/\",\"name\":\"Golosinas por Mayor\",\"description\":\"Venta online de golosinas por mayor\",\"publisher\":{\"@id\":\"https:\/\/www.golosinaspormayor.com\/ventaonline\/#organization\"},\"potentialAction\":[{\"@type\":\"SearchAction\",\"target\":{\"@type\":\"EntryPoint\",\"urlTemplate\":\"https:\/\/www.golosinaspormayor.com\/ventaonline\/?s={search_term_string}\"},\"query-input\":{\"@type\":\"PropertyValueSpecification\",\"valueRequired\":true,\"valueName\":\"search_term_string\"}}],\"inLanguage\":\"es\"},{\"@type\":\"Organization\",\"@id\":\"https:\/\/www.golosinaspormayor.com\/ventaonline\/#organization\",\"name\":\"Golosinas por Mayor\",\"url\":\"https:\/\/www.golosinaspormayor.com\/ventaonline\/\",\"logo\":{\"@type\":\"ImageObject\",\"inLanguage\":\"es\",\"@id\":\"https:\/\/www.golosinaspormayor.com\/ventaonline\/#\/schema\/logo\/image\/\",\"url\":\"https:\/\/www.golosinaspormayor.com\/ventaonline\/wp-content\/uploads\/Copia-de-pop-logo-png.png\",\"contentUrl\":\"https:\/\/www.golosinaspormayor.com\/ventaonline\/wp-content\/uploads\/Copia-de-pop-logo-png.png\",\"width\":150,\"height\":46,\"caption\":\"Golosinas por Mayor\"},\"image\":{\"@id\":\"https:\/\/www.golosinaspormayor.com\/ventaonline\/#\/schema\/logo\/image\/\"}}]}<\/script>\n<!-- \/ Yoast SEO plugin. -->","yoast_head_json":{"title":"MOSTAZA HEINZ MILD POURABLE VIDRIO -","description":"La mostaza Heinz Mild Pourable de vidrio viene en una botella muy pr\u00e1ctica. Siendo uno de los productos importados l\u00edderes no puede faltar en tu comercio. Haznos tu pedido online.","robots":{"index":"index","follow":"follow","max-snippet":"max-snippet:-1","max-image-preview":"max-image-preview:large","max-video-preview":"max-video-preview:-1"},"canonical":"https:\/\/www.golosinaspormayor.com\/ventaonline\/tienda\/condimentos\/mostaza-heinz-mild-pourable-vidrio\/","og_locale":"es_ES","og_type":"article","og_title":"MOSTAZA HEINZ MILD POURABLE VIDRIO -","og_description":"La mostaza Heinz Mild Pourable de vidrio viene en una botella muy pr\u00e1ctica. Siendo uno de los productos importados l\u00edderes no puede faltar en tu comercio. Haznos tu pedido online.","og_url":"https:\/\/www.golosinaspormayor.com\/ventaonline\/tienda\/condimentos\/mostaza-heinz-mild-pourable-vidrio\/","og_site_name":"Golosinas por Mayor","article_modified_time":"2019-05-12T11:42:48+00:00","og_image":[{"width":216,"height":600,"url":"https:\/\/www.golosinaspormayor.com\/ventaonline\/wp-content\/uploads\/mostaza-heinz-mild-pourable-vidrio-catalogo.jpg","type":"image\/jpeg"}],"twitter_misc":{"Tiempo de lectura":"1 minuto"},"schema":{"@context":"https:\/\/schema.org","@graph":[{"@type":"WebPage","@id":"https:\/\/www.golosinaspormayor.com\/ventaonline\/tienda\/condimentos\/mostaza-heinz-mild-pourable-vidrio\/","url":"https:\/\/www.golosinaspormayor.com\/ventaonline\/tienda\/condimentos\/mostaza-heinz-mild-pourable-vidrio\/","name":"MOSTAZA HEINZ MILD POURABLE VIDRIO -","isPartOf":{"@id":"https:\/\/www.golosinaspormayor.com\/ventaonline\/#website"},"primaryImageOfPage":{"@id":"https:\/\/www.golosinaspormayor.com\/ventaonline\/tienda\/condimentos\/mostaza-heinz-mild-pourable-vidrio\/#primaryimage"},"image":{"@id":"https:\/\/www.golosinaspormayor.com\/ventaonline\/tienda\/condimentos\/mostaza-heinz-mild-pourable-vidrio\/#primaryimage"},"thumbnailUrl":"https:\/\/www.golosinaspormayor.com\/ventaonline\/wp-content\/uploads\/mostaza-heinz-mild-pourable-vidrio-catalogo.jpg","datePublished":"2013-09-08T15:17:06+00:00","dateModified":"2019-05-12T11:42:48+00:00","description":"La mostaza Heinz Mild Pourable de vidrio viene en una botella muy pr\u00e1ctica. Siendo uno de los productos importados l\u00edderes no puede faltar en tu comercio. Haznos tu pedido online.","breadcrumb":{"@id":"https:\/\/www.golosinaspormayor.com\/ventaonline\/tienda\/condimentos\/mostaza-heinz-mild-pourable-vidrio\/#breadcrumb"},"inLanguage":"es","potentialAction":[{"@type":"ReadAction","target":["https:\/\/www.golosinaspormayor.com\/ventaonline\/tienda\/condimentos\/mostaza-heinz-mild-pourable-vidrio\/"]}]},{"@type":"ImageObject","inLanguage":"es","@id":"https:\/\/www.golosinaspormayor.com\/ventaonline\/tienda\/condimentos\/mostaza-heinz-mild-pourable-vidrio\/#primaryimage","url":"https:\/\/www.golosinaspormayor.com\/ventaonline\/wp-content\/uploads\/mostaza-heinz-mild-pourable-vidrio-catalogo.jpg","contentUrl":"https:\/\/www.golosinaspormayor.com\/ventaonline\/wp-content\/uploads\/mostaza-heinz-mild-pourable-vidrio-catalogo.jpg","width":216,"height":600,"caption":"mostaza-heinz-mild-pourable-vidrio-condimento"},{"@type":"BreadcrumbList","@id":"https:\/\/www.golosinaspormayor.com\/ventaonline\/tienda\/condimentos\/mostaza-heinz-mild-pourable-vidrio\/#breadcrumb","itemListElement":[{"@type":"ListItem","position":1,"name":"Tienda","item":"https:\/\/www.golosinaspormayor.com\/ventaonline\/tienda\/"},{"@type":"ListItem","position":2,"name":"MOSTAZA HEINZ MILD POURABLE VIDRIO"}]},{"@type":"WebSite","@id":"https:\/\/www.golosinaspormayor.com\/ventaonline\/#website","url":"https:\/\/www.golosinaspormayor.com\/ventaonline\/","name":"Golosinas por Mayor","description":"Venta online de golosinas por mayor","publisher":{"@id":"https:\/\/www.golosinaspormayor.com\/ventaonline\/#organization"},"potentialAction":[{"@type":"SearchAction","target":{"@type":"EntryPoint","urlTemplate":"https:\/\/www.golosinaspormayor.com\/ventaonline\/?s={search_term_string}"},"query-input":{"@type":"PropertyValueSpecification","valueRequired":true,"valueName":"search_term_string"}}],"inLanguage":"es"},{"@type":"Organization","@id":"https:\/\/www.golosinaspormayor.com\/ventaonline\/#organization","name":"Golosinas por Mayor","url":"https:\/\/www.golosinaspormayor.com\/ventaonline\/","logo":{"@type":"ImageObject","inLanguage":"es","@id":"https:\/\/www.golosinaspormayor.com\/ventaonline\/#\/schema\/logo\/image\/","url":"https:\/\/www.golosinaspormayor.com\/ventaonline\/wp-content\/uploads\/Copia-de-pop-logo-png.png","contentUrl":"https:\/\/www.golosinaspormayor.com\/ventaonline\/wp-content\/uploads\/Copia-de-pop-logo-png.png","width":150,"height":46,"caption":"Golosinas por Mayor"},"image":{"@id":"https:\/\/www.golosinaspormayor.com\/ventaonline\/#\/schema\/logo\/image\/"}}]}},"_links":{"self":[{"href":"https:\/\/www.golosinaspormayor.com\/ventaonline\/wp-json\/wp\/v2\/product\/579","targetHints":{"allow":["GET"]}}],"collection":[{"href":"https:\/\/www.golosinaspormayor.com\/ventaonline\/wp-json\/wp\/v2\/product"}],"about":[{"href":"https:\/\/www.golosinaspormayor.com\/ventaonline\/wp-json\/wp\/v2\/types\/product"}],"replies":[{"embeddable":true,"href":"https:\/\/www.golosinaspormayor.com\/ventaonline\/wp-json\/wp\/v2\/comments?post=579"}],"wp:featuredmedia":[{"embeddable":true,"href":"https:\/\/www.golosinaspormayor.com\/ventaonline\/wp-json\/wp\/v2\/media\/580"}],"wp:attachment":[{"href":"https:\/\/www.golosinaspormayor.com\/ventaonline\/wp-json\/wp\/v2\/media?parent=579"}],"wp:term":[{"taxonomy":"product_brand","embeddable":true,"href":"https:\/\/www.golosinaspormayor.com\/ventaonline\/wp-json\/wp\/v2\/product_brand?post=579"},{"taxonomy":"product_cat","embeddable":true,"href":"https:\/\/www.golosinaspormayor.com\/ventaonline\/wp-json\/wp\/v2\/product_cat?post=579"},{"taxonomy":"product_tag","embeddable":true,"href":"https:\/\/www.golosinaspormayor.com\/ventaonline\/wp-json\/wp\/v2\/product_tag?post=579"}],"curies":[{"name":"wp","href":"https:\/\/api.w.org\/{rel}","templated":true}]}}