{"id":174,"date":"2013-08-08T12:11:09","date_gmt":"2013-08-08T15:11:09","guid":{"rendered":"http:\/\/www.golosinaspormayor.com\/ventaonline\/?post_type=product&#038;p=174"},"modified":"2018-08-03T11:21:43","modified_gmt":"2018-08-03T14:21:43","slug":"jugo-tang-naranja-banana-frutilla","status":"publish","type":"product","link":"https:\/\/www.golosinaspormayor.com\/ventaonline\/tienda\/jugos\/jugo-tang-naranja-banana-frutilla\/","title":{"rendered":"JUGO TANG NARANJA BANANA FRUTILLA"},"content":{"rendered":"<p>\u00bfQu\u00e9 m\u00e1s pedir en un jugo para beber fresco?, tres sabores como es en este caso que les presentamos en este cat\u00e1logo de la tienda online, s\u00ed, estamos hablando del jugo Tang de naranja, banana, y frutilla, para todo aquel que ama a los tres sabores juntos.<br \/>\nTodo el dulzor de la banana que es una de las frutas elegidas por todos, la vitaminas de las naranjas reci\u00e9n exprimidas, y el color de las frutillas, en un solo jugo que junto al agua bien fresca hace que bebamos la calidad de la marca que nos acompa\u00f1a en las mesas de todos los argentinos desde hace mucho tiempo en verdad.<br \/>\nTang, es el sin\u00f3nimo de jugos frescos, ricos, y saludables, porque de manera muy sencilla podemos beber todo el abanico de sabores que nos da la naturaleza, bananas, frutillas y naranjas con todas las vitaminas, all\u00ed en donde tienen que estar, en el vaso.<br \/>\nEl jugo Tang de naranja, banana y frutilla es ideal para festejos, porque adem\u00e1s del color, tiene el mejor sabor.<br \/>\nP\u00eddelos aqu\u00ed sin tr\u00e1mites, solo tienes que cliquear el que elijes para vender, que lo tenemos en buenos precios.<\/p>\n","protected":false},"excerpt":{"rendered":"<div title=\"Page 2\">\n<div>\n<div>\n<p><strong>TANG NARANJA BANANA FRUTILLA X 18U B\/12\u00a0<\/strong><\/p>\n<\/div>\n<\/div>\n<\/div>\n","protected":false},"featured_media":175,"comment_status":"closed","ping_status":"closed","template":"","meta":{"site-sidebar-layout":"default","site-content-layout":"","ast-site-content-layout":"default","site-content-style":"default","site-sidebar-style":"default","ast-global-header-display":"","ast-banner-title-visibility":"","ast-main-header-display":"","ast-hfb-above-header-display":"","ast-hfb-below-header-display":"","ast-hfb-mobile-header-display":"","site-post-title":"","ast-breadcrumbs-content":"","ast-featured-img":"","footer-sml-layout":"","ast-disable-related-posts":"","theme-transparent-header-meta":"","adv-header-id-meta":"","stick-header-meta":"","header-above-stick-meta":"","header-main-stick-meta":"","header-below-stick-meta":"","astra-migrate-meta-layouts":"default","ast-page-background-enabled":"default","ast-page-background-meta":{"desktop":{"background-color":"","background-image":"","background-repeat":"repeat","background-position":"center center","background-size":"auto","background-attachment":"scroll","background-type":"","background-media":"","overlay-type":"","overlay-color":"","overlay-opacity":"","overlay-gradient":""},"tablet":{"background-color":"","background-image":"","background-repeat":"repeat","background-position":"center center","background-size":"auto","background-attachment":"scroll","background-type":"","background-media":"","overlay-type":"","overlay-color":"","overlay-opacity":"","overlay-gradient":""},"mobile":{"background-color":"","background-image":"","background-repeat":"repeat","background-position":"center center","background-size":"auto","background-attachment":"scroll","background-type":"","background-media":"","overlay-type":"","overlay-color":"","overlay-opacity":"","overlay-gradient":""}},"ast-content-background-meta":{"desktop":{"background-color":"var(--ast-global-color-5)","background-image":"","background-repeat":"repeat","background-position":"center center","background-size":"auto","background-attachment":"scroll","background-type":"","background-media":"","overlay-type":"","overlay-color":"","overlay-opacity":"","overlay-gradient":""},"tablet":{"background-color":"var(--ast-global-color-5)","background-image":"","background-repeat":"repeat","background-position":"center center","background-size":"auto","background-attachment":"scroll","background-type":"","background-media":"","overlay-type":"","overlay-color":"","overlay-opacity":"","overlay-gradient":""},"mobile":{"background-color":"var(--ast-global-color-5)","background-image":"","background-repeat":"repeat","background-position":"center center","background-size":"auto","background-attachment":"scroll","background-type":"","background-media":"","overlay-type":"","overlay-color":"","overlay-opacity":"","overlay-gradient":""}},"_joinchat":[]},"product_brand":[],"product_cat":[79],"product_tag":[98,99,83],"class_list":{"0":"post-174","1":"product","2":"type-product","3":"status-publish","4":"has-post-thumbnail","6":"product_cat-jugos","7":"product_tag-naranja-banana-frutilla","8":"product_tag-sabor","9":"product_tag-tang","10":"desktop-align-left","11":"tablet-align-left","12":"mobile-align-left","13":"ast-product-gallery-layout-vertical","14":"ast-product-gallery-with-no-image","15":"ast-product-tabs-layout-vertical","17":"first","18":"outofstock","19":"shipping-taxable","20":"purchasable","21":"product-type-simple"},"yoast_head":"<!-- This site is optimized with the Yoast SEO plugin v27.2 - https:\/\/yoast.com\/product\/yoast-seo-wordpress\/ -->\n<title>JUGO TANG NARANJA BANANA FRUTILLA -<\/title>\n<meta name=\"description\" content=\"Venta online de jugos Tang sabor Naranja Banana Frutilla y mercader\u00eda para kioscos mayorista y minorista. L\u00edderes en la distribuci\u00f3n de golosinas en Argentina.\" \/>\n<meta name=\"robots\" content=\"index, follow, max-snippet:-1, max-image-preview:large, max-video-preview:-1\" \/>\n<link rel=\"canonical\" href=\"https:\/\/www.golosinaspormayor.com\/ventaonline\/tienda\/jugos\/jugo-tang-naranja-banana-frutilla\/\" \/>\n<meta property=\"og:locale\" content=\"es_ES\" \/>\n<meta property=\"og:type\" content=\"article\" \/>\n<meta property=\"og:title\" content=\"JUGO TANG NARANJA BANANA FRUTILLA -\" \/>\n<meta property=\"og:description\" content=\"Venta online de jugos Tang sabor Naranja Banana Frutilla y mercader\u00eda para kioscos mayorista y minorista. L\u00edderes en la distribuci\u00f3n de golosinas en Argentina.\" \/>\n<meta property=\"og:url\" content=\"https:\/\/www.golosinaspormayor.com\/ventaonline\/tienda\/jugos\/jugo-tang-naranja-banana-frutilla\/\" \/>\n<meta property=\"og:site_name\" content=\"Golosinas por Mayor\" \/>\n<meta property=\"article:modified_time\" content=\"2018-08-03T14:21:43+00:00\" \/>\n<meta property=\"og:image\" content=\"https:\/\/www.golosinaspormayor.com\/ventaonline\/wp-content\/uploads\/tang-naranja-banana-frutilla.jpg\" \/>\n\t<meta property=\"og:image:width\" content=\"227\" \/>\n\t<meta property=\"og:image:height\" content=\"230\" \/>\n\t<meta property=\"og:image:type\" content=\"image\/jpeg\" \/>\n<meta name=\"twitter:label1\" content=\"Tiempo de lectura\" \/>\n\t<meta name=\"twitter:data1\" content=\"1 minuto\" \/>\n<script type=\"application\/ld+json\" class=\"yoast-schema-graph\">{\"@context\":\"https:\/\/schema.org\",\"@graph\":[{\"@type\":\"WebPage\",\"@id\":\"https:\/\/www.golosinaspormayor.com\/ventaonline\/tienda\/jugos\/jugo-tang-naranja-banana-frutilla\/\",\"url\":\"https:\/\/www.golosinaspormayor.com\/ventaonline\/tienda\/jugos\/jugo-tang-naranja-banana-frutilla\/\",\"name\":\"JUGO TANG NARANJA BANANA FRUTILLA -\",\"isPartOf\":{\"@id\":\"https:\/\/www.golosinaspormayor.com\/ventaonline\/#website\"},\"primaryImageOfPage\":{\"@id\":\"https:\/\/www.golosinaspormayor.com\/ventaonline\/tienda\/jugos\/jugo-tang-naranja-banana-frutilla\/#primaryimage\"},\"image\":{\"@id\":\"https:\/\/www.golosinaspormayor.com\/ventaonline\/tienda\/jugos\/jugo-tang-naranja-banana-frutilla\/#primaryimage\"},\"thumbnailUrl\":\"https:\/\/www.golosinaspormayor.com\/ventaonline\/wp-content\/uploads\/tang-naranja-banana-frutilla.jpg\",\"datePublished\":\"2013-08-08T15:11:09+00:00\",\"dateModified\":\"2018-08-03T14:21:43+00:00\",\"description\":\"Venta online de jugos Tang sabor Naranja Banana Frutilla y mercader\u00eda para kioscos mayorista y minorista. L\u00edderes en la distribuci\u00f3n de golosinas en Argentina.\",\"breadcrumb\":{\"@id\":\"https:\/\/www.golosinaspormayor.com\/ventaonline\/tienda\/jugos\/jugo-tang-naranja-banana-frutilla\/#breadcrumb\"},\"inLanguage\":\"es\",\"potentialAction\":[{\"@type\":\"ReadAction\",\"target\":[\"https:\/\/www.golosinaspormayor.com\/ventaonline\/tienda\/jugos\/jugo-tang-naranja-banana-frutilla\/\"]}]},{\"@type\":\"ImageObject\",\"inLanguage\":\"es\",\"@id\":\"https:\/\/www.golosinaspormayor.com\/ventaonline\/tienda\/jugos\/jugo-tang-naranja-banana-frutilla\/#primaryimage\",\"url\":\"https:\/\/www.golosinaspormayor.com\/ventaonline\/wp-content\/uploads\/tang-naranja-banana-frutilla.jpg\",\"contentUrl\":\"https:\/\/www.golosinaspormayor.com\/ventaonline\/wp-content\/uploads\/tang-naranja-banana-frutilla.jpg\",\"width\":227,\"height\":230,\"caption\":\"precio-tang-naranja-banana-frutilla\"},{\"@type\":\"BreadcrumbList\",\"@id\":\"https:\/\/www.golosinaspormayor.com\/ventaonline\/tienda\/jugos\/jugo-tang-naranja-banana-frutilla\/#breadcrumb\",\"itemListElement\":[{\"@type\":\"ListItem\",\"position\":1,\"name\":\"Tienda\",\"item\":\"https:\/\/www.golosinaspormayor.com\/ventaonline\/tienda\/\"},{\"@type\":\"ListItem\",\"position\":2,\"name\":\"JUGO TANG NARANJA BANANA FRUTILLA\"}]},{\"@type\":\"WebSite\",\"@id\":\"https:\/\/www.golosinaspormayor.com\/ventaonline\/#website\",\"url\":\"https:\/\/www.golosinaspormayor.com\/ventaonline\/\",\"name\":\"Golosinas por Mayor\",\"description\":\"Venta online de golosinas por mayor\",\"publisher\":{\"@id\":\"https:\/\/www.golosinaspormayor.com\/ventaonline\/#organization\"},\"potentialAction\":[{\"@type\":\"SearchAction\",\"target\":{\"@type\":\"EntryPoint\",\"urlTemplate\":\"https:\/\/www.golosinaspormayor.com\/ventaonline\/?s={search_term_string}\"},\"query-input\":{\"@type\":\"PropertyValueSpecification\",\"valueRequired\":true,\"valueName\":\"search_term_string\"}}],\"inLanguage\":\"es\"},{\"@type\":\"Organization\",\"@id\":\"https:\/\/www.golosinaspormayor.com\/ventaonline\/#organization\",\"name\":\"Golosinas por Mayor\",\"url\":\"https:\/\/www.golosinaspormayor.com\/ventaonline\/\",\"logo\":{\"@type\":\"ImageObject\",\"inLanguage\":\"es\",\"@id\":\"https:\/\/www.golosinaspormayor.com\/ventaonline\/#\/schema\/logo\/image\/\",\"url\":\"https:\/\/www.golosinaspormayor.com\/ventaonline\/wp-content\/uploads\/Copia-de-pop-logo-png.png\",\"contentUrl\":\"https:\/\/www.golosinaspormayor.com\/ventaonline\/wp-content\/uploads\/Copia-de-pop-logo-png.png\",\"width\":150,\"height\":46,\"caption\":\"Golosinas por Mayor\"},\"image\":{\"@id\":\"https:\/\/www.golosinaspormayor.com\/ventaonline\/#\/schema\/logo\/image\/\"}}]}<\/script>\n<!-- \/ Yoast SEO plugin. -->","yoast_head_json":{"title":"JUGO TANG NARANJA BANANA FRUTILLA -","description":"Venta online de jugos Tang sabor Naranja Banana Frutilla y mercader\u00eda para kioscos mayorista y minorista. L\u00edderes en la distribuci\u00f3n de golosinas en Argentina.","robots":{"index":"index","follow":"follow","max-snippet":"max-snippet:-1","max-image-preview":"max-image-preview:large","max-video-preview":"max-video-preview:-1"},"canonical":"https:\/\/www.golosinaspormayor.com\/ventaonline\/tienda\/jugos\/jugo-tang-naranja-banana-frutilla\/","og_locale":"es_ES","og_type":"article","og_title":"JUGO TANG NARANJA BANANA FRUTILLA -","og_description":"Venta online de jugos Tang sabor Naranja Banana Frutilla y mercader\u00eda para kioscos mayorista y minorista. L\u00edderes en la distribuci\u00f3n de golosinas en Argentina.","og_url":"https:\/\/www.golosinaspormayor.com\/ventaonline\/tienda\/jugos\/jugo-tang-naranja-banana-frutilla\/","og_site_name":"Golosinas por Mayor","article_modified_time":"2018-08-03T14:21:43+00:00","og_image":[{"width":227,"height":230,"url":"https:\/\/www.golosinaspormayor.com\/ventaonline\/wp-content\/uploads\/tang-naranja-banana-frutilla.jpg","type":"image\/jpeg"}],"twitter_misc":{"Tiempo de lectura":"1 minuto"},"schema":{"@context":"https:\/\/schema.org","@graph":[{"@type":"WebPage","@id":"https:\/\/www.golosinaspormayor.com\/ventaonline\/tienda\/jugos\/jugo-tang-naranja-banana-frutilla\/","url":"https:\/\/www.golosinaspormayor.com\/ventaonline\/tienda\/jugos\/jugo-tang-naranja-banana-frutilla\/","name":"JUGO TANG NARANJA BANANA FRUTILLA -","isPartOf":{"@id":"https:\/\/www.golosinaspormayor.com\/ventaonline\/#website"},"primaryImageOfPage":{"@id":"https:\/\/www.golosinaspormayor.com\/ventaonline\/tienda\/jugos\/jugo-tang-naranja-banana-frutilla\/#primaryimage"},"image":{"@id":"https:\/\/www.golosinaspormayor.com\/ventaonline\/tienda\/jugos\/jugo-tang-naranja-banana-frutilla\/#primaryimage"},"thumbnailUrl":"https:\/\/www.golosinaspormayor.com\/ventaonline\/wp-content\/uploads\/tang-naranja-banana-frutilla.jpg","datePublished":"2013-08-08T15:11:09+00:00","dateModified":"2018-08-03T14:21:43+00:00","description":"Venta online de jugos Tang sabor Naranja Banana Frutilla y mercader\u00eda para kioscos mayorista y minorista. L\u00edderes en la distribuci\u00f3n de golosinas en Argentina.","breadcrumb":{"@id":"https:\/\/www.golosinaspormayor.com\/ventaonline\/tienda\/jugos\/jugo-tang-naranja-banana-frutilla\/#breadcrumb"},"inLanguage":"es","potentialAction":[{"@type":"ReadAction","target":["https:\/\/www.golosinaspormayor.com\/ventaonline\/tienda\/jugos\/jugo-tang-naranja-banana-frutilla\/"]}]},{"@type":"ImageObject","inLanguage":"es","@id":"https:\/\/www.golosinaspormayor.com\/ventaonline\/tienda\/jugos\/jugo-tang-naranja-banana-frutilla\/#primaryimage","url":"https:\/\/www.golosinaspormayor.com\/ventaonline\/wp-content\/uploads\/tang-naranja-banana-frutilla.jpg","contentUrl":"https:\/\/www.golosinaspormayor.com\/ventaonline\/wp-content\/uploads\/tang-naranja-banana-frutilla.jpg","width":227,"height":230,"caption":"precio-tang-naranja-banana-frutilla"},{"@type":"BreadcrumbList","@id":"https:\/\/www.golosinaspormayor.com\/ventaonline\/tienda\/jugos\/jugo-tang-naranja-banana-frutilla\/#breadcrumb","itemListElement":[{"@type":"ListItem","position":1,"name":"Tienda","item":"https:\/\/www.golosinaspormayor.com\/ventaonline\/tienda\/"},{"@type":"ListItem","position":2,"name":"JUGO TANG NARANJA BANANA FRUTILLA"}]},{"@type":"WebSite","@id":"https:\/\/www.golosinaspormayor.com\/ventaonline\/#website","url":"https:\/\/www.golosinaspormayor.com\/ventaonline\/","name":"Golosinas por Mayor","description":"Venta online de golosinas por mayor","publisher":{"@id":"https:\/\/www.golosinaspormayor.com\/ventaonline\/#organization"},"potentialAction":[{"@type":"SearchAction","target":{"@type":"EntryPoint","urlTemplate":"https:\/\/www.golosinaspormayor.com\/ventaonline\/?s={search_term_string}"},"query-input":{"@type":"PropertyValueSpecification","valueRequired":true,"valueName":"search_term_string"}}],"inLanguage":"es"},{"@type":"Organization","@id":"https:\/\/www.golosinaspormayor.com\/ventaonline\/#organization","name":"Golosinas por Mayor","url":"https:\/\/www.golosinaspormayor.com\/ventaonline\/","logo":{"@type":"ImageObject","inLanguage":"es","@id":"https:\/\/www.golosinaspormayor.com\/ventaonline\/#\/schema\/logo\/image\/","url":"https:\/\/www.golosinaspormayor.com\/ventaonline\/wp-content\/uploads\/Copia-de-pop-logo-png.png","contentUrl":"https:\/\/www.golosinaspormayor.com\/ventaonline\/wp-content\/uploads\/Copia-de-pop-logo-png.png","width":150,"height":46,"caption":"Golosinas por Mayor"},"image":{"@id":"https:\/\/www.golosinaspormayor.com\/ventaonline\/#\/schema\/logo\/image\/"}}]}},"_links":{"self":[{"href":"https:\/\/www.golosinaspormayor.com\/ventaonline\/wp-json\/wp\/v2\/product\/174","targetHints":{"allow":["GET"]}}],"collection":[{"href":"https:\/\/www.golosinaspormayor.com\/ventaonline\/wp-json\/wp\/v2\/product"}],"about":[{"href":"https:\/\/www.golosinaspormayor.com\/ventaonline\/wp-json\/wp\/v2\/types\/product"}],"replies":[{"embeddable":true,"href":"https:\/\/www.golosinaspormayor.com\/ventaonline\/wp-json\/wp\/v2\/comments?post=174"}],"wp:featuredmedia":[{"embeddable":true,"href":"https:\/\/www.golosinaspormayor.com\/ventaonline\/wp-json\/wp\/v2\/media\/175"}],"wp:attachment":[{"href":"https:\/\/www.golosinaspormayor.com\/ventaonline\/wp-json\/wp\/v2\/media?parent=174"}],"wp:term":[{"taxonomy":"product_brand","embeddable":true,"href":"https:\/\/www.golosinaspormayor.com\/ventaonline\/wp-json\/wp\/v2\/product_brand?post=174"},{"taxonomy":"product_cat","embeddable":true,"href":"https:\/\/www.golosinaspormayor.com\/ventaonline\/wp-json\/wp\/v2\/product_cat?post=174"},{"taxonomy":"product_tag","embeddable":true,"href":"https:\/\/www.golosinaspormayor.com\/ventaonline\/wp-json\/wp\/v2\/product_tag?post=174"}],"curies":[{"name":"wp","href":"https:\/\/api.w.org\/{rel}","templated":true}]}}